{"id":469,"date":"2021-03-03T16:43:01","date_gmt":"2021-03-03T19:43:01","guid":{"rendered":"https:\/\/frioinox.com.br\/?post_type=product&#038;p=469"},"modified":"2021-03-03T16:43:02","modified_gmt":"2021-03-03T19:43:02","slug":"estacao-de-massas","status":"publish","type":"product","link":"https:\/\/frioinox.com.br\/index.php\/produto\/estacao-de-massas\/","title":{"rendered":"Esta\u00e7\u00e3o de Massas"},"content":{"rendered":"<p>Esta\u00e7\u00e3o de massas fabricada em a\u00e7o inox.<\/p>\n<p>Tampo composto por pista fria, banho Maria e fog\u00e3o de indu\u00e7\u00e3o<\/p>\n<p>Parte de baixo pode ser composta por arm\u00e1rio seco ou balc\u00e3o refrigerado.<\/p>\n","protected":false},"excerpt":{"rendered":"<p>Esta\u00e7\u00e3o de massa pode ser fabricada sob medida,<\/p>\n<p>Consultar Valores*<\/p>\n","protected":false},"featured_media":466,"comment_status":"open","ping_status":"closed","template":"","meta":[],"_links":{"self":[{"href":"https:\/\/frioinox.com.br\/index.php\/wp-json\/wp\/v2\/product\/469"}],"collection":[{"href":"https:\/\/frioinox.com.br\/index.php\/wp-json\/wp\/v2\/product"}],"about":[{"href":"https:\/\/frioinox.com.br\/index.php\/wp-json\/wp\/v2\/types\/product"}],"replies":[{"embeddable":true,"href":"https:\/\/frioinox.com.br\/index.php\/wp-json\/wp\/v2\/comments?post=469"}],"wp:featuredmedia":[{"embeddable":true,"href":"https:\/\/frioinox.com.br\/index.php\/wp-json\/wp\/v2\/media\/466"}],"wp:attachment":[{"href":"https:\/\/frioinox.com.br\/index.php\/wp-json\/wp\/v2\/media?parent=469"}],"curies":[{"name":"wp","href":"https:\/\/api.w.org\/{rel}","templated":true}]}}