{"id":269,"date":"2020-06-07T19:38:26","date_gmt":"2020-06-07T22:38:26","guid":{"rendered":"https:\/\/frioinox.com.br?post_type=product&#038;p=269"},"modified":"2026-05-13T23:04:14","modified_gmt":"2026-05-14T02:04:14","slug":"expositor-estufa","status":"publish","type":"product","link":"https:\/\/frioinox.com.br\/index.php\/produto\/expositor-estufa\/","title":{"rendered":"Expositor estufa"},"content":{"rendered":"<p class=\"product__name hidden-xs hidden-sm\">Balc\u00e3o Estufa Expositor 300L Inox Black Box 080 Conservex<\/p>\n<h2>Informa\u00e7\u00f5es T\u00e9cnicas<\/h2>\n<p>Utiliza\u00e7\u00e3o:\u00a0Aquecimento e exposi\u00e7\u00e3o de salgados<br \/>\nGabinete:\u00a0Externo e interno em vidro temperado com serigrafia e a\u00e7o inox 430 escovado<br \/>\nAquecimento:\u00a0Resist\u00eancia Blindada<br \/>\nControle de temperatura:\u00a0Controlador digital<br \/>\nIlumina\u00e7\u00e3o:\u00a0LED com interruptor (3 lances)<br \/>\nPortas:\u00a0Vidros temperados deslizantes<br \/>\nPrateleiras:\u00a0Vidro temperado (2 lances)<br \/>\nP\u00e9s:\u00a0Regul\u00e1veis<br \/>\nBandejas:\u00a09 pe\u00e7as em a\u00e7o inox<\/p>\n","protected":false},"excerpt":{"rendered":"<p class=\"product__name hidden-xs hidden-sm\">Balc\u00e3o Estufa Expositor 300L Inox Black Box 080 Conservex<\/p>\n","protected":false},"featured_media":270,"comment_status":"open","ping_status":"closed","template":"","meta":[],"_links":{"self":[{"href":"https:\/\/frioinox.com.br\/index.php\/wp-json\/wp\/v2\/product\/269"}],"collection":[{"href":"https:\/\/frioinox.com.br\/index.php\/wp-json\/wp\/v2\/product"}],"about":[{"href":"https:\/\/frioinox.com.br\/index.php\/wp-json\/wp\/v2\/types\/product"}],"replies":[{"embeddable":true,"href":"https:\/\/frioinox.com.br\/index.php\/wp-json\/wp\/v2\/comments?post=269"}],"wp:featuredmedia":[{"embeddable":true,"href":"https:\/\/frioinox.com.br\/index.php\/wp-json\/wp\/v2\/media\/270"}],"wp:attachment":[{"href":"https:\/\/frioinox.com.br\/index.php\/wp-json\/wp\/v2\/media?parent=269"}],"curies":[{"name":"wp","href":"https:\/\/api.w.org\/{rel}","templated":true}]}}